a55
32244 (base 5) to base 7
6261
-3100000 (base 4) to base 8
-32000
Convert -366 (base 9) to base 5.
-2203
68 (base 9) to base 14
46
What is -45347 (base 10) in base 5?
-2422342
Convert 11b9 (base 13) to base 14.
cbc
What is -1197 (base 16) in base 2?
-1000110010111
Convert a1c (base 15) to base 2.
100011100101
-2201 (base 3) to base 10
-73
Convert -33db (base 16) to base 11.
-9a79
What is 335 (base 10) in base 9?
412
Convert 7822 (base 12) to base 13.
6071
What is -7a6 (base 11) in base 15?
-443
-c38 (base 13) to base 9
-2755
Convert -32d (base 14) to base 10.
-629
Convert 111001110010 (base 2) to base 7.
13532
What is -22d (base 15) in base 4?
-13231
4044 (base 5) to base 16
20c
What is -3312 (base 5) in base 15?
-207
Convert -1110100011 (base 2) to base 6.
-4151
What is -2055 (base 8) in base 9?
-1417
-3206 (base 15) to base 8
-24525
10001000100 (base 2) to base 9
1443
Convert 1567 (base 10) to base 12.
aa7
11412 (base 7) to base 6
21353
Convert -1101010010 (base 2) to base 8.
-1522
Convert -31476 (base 11) to base 13.
-17b19
Convert -23a0 (base 12) to base 15.
-12c3
What is 1181 (base 15) in base 10?
3721
-20120 (base 5) to base 13
-77b
34 (base 13) to base 12
37
Convert 4161 (base 9) to base 2.
101111101100
Convert -20200 (base 3) to base 14.
-cc
5dd7 (base 14) to base 11
11401
-6d3 (base 14) to base 2
-10101010001
-2103 (base 9) to base 12
-a86
Convert -15b0 (base 13) to base 16.
-c71
What is 185b (base 15) in base 8?
12215
What is 192 (base 11) in base 10?
222
What is 101 (base 11) in base 7?
233
What is -111033 (base 4) in base 15?
-609
-101011100101011 (base 2) to base 5
-1203230
What is 1221113 (base 4) in base 7?
25442
604 (base 10) to base 6
2444
What is -bb5 (base 15) in base 9?
-3558
1206 (base 10) to base 14
622
Convert 317 (base 14) to base 11.
504
-a28 (base 12) to base 9
-2015
Convert 43864 (base 9) to base 8.
70721
-150235 (base 6) to base 16
-380f
16611 (base 10) to base 5
1012421
Convert -2a9a (base 11) to base 3.
-12110110
Convert 1000010101 (base 2) to base 9.
652
What is -603 (base 9) in base 3?
-200010
-2a9d (base 15) to base 6
-110204
1112022 (base 3) to base 4
101123
Convert 4133 (base 5) to base 4.
20133
39611 (base 12) to base 9
128774
Convert -13a (base 14) to base 7.
-503
Convert -109 (base 12) to base 13.
-ba
133115 (base 7) to base 15
7685
-3360 (base 8) to base 7
-5115
214542 (base 7) to base 14
da22
What is -577a (base 12) in base 5?
-302432
What is 7eb (base 15) in base 9?
2415
What is 2626 (base 15) in base 13?
391b
100100011010001 (base 2) to base 3
221120102
Convert 11692 (base 10) to base 8.
26654
Convert 1210011002 (base 3) to base 11.
24411
What is 21001 (base 7) in base 3?
21001121
What is -50410 (base 6) in base 12?
-3a06
2718 (base 9) to base 13
c11
What is 53 (base 16) in base 7?
146
-10102101 (base 3) to base 11
-1968
Convert -308 (base 12) to base 5.
-3230
Convert 102100222 (base 3) to base 5.
231123
What is 1001 (base 13) in base 8?
4226
What is 640 (base 8) in base 9?
512
-10000101110010 (base 2) to base 10
-8562
What is -37854 (base 10) in base 3?
-1220221000
What is -11012 (base 3) in base 16?
-71
-344 (base 15) to base 4
-23203
Convert -1054 (base 8) to base 4.
-20230
60 (base 8) to base 7
66
-11112 (base 5) to base 10
-782
What is -6a4c (base 13) in base 16?
-3a58
-1714 (base 10) to base 13
-a1b
Convert -120222 (base 4) to base 7.
-4413
Convert -40e (base 15) to base 2.
-1110010010
Convert 1001001001011 (base 2) to base 4.
1021023
Convert 1555 (base 8) to base 16.
36d
What is -310000 (base 4) in base 5?
-101303
-2134022 (base 5) to base 9
-55376
-65 (base 9) to base 2
-111011
Convert 105e (base 15) to base 3.
11202022
What is -49a6 (base 13) in base 5?
-313240
-31676 (base 9) to base 13
-970b
-40204 (base 7) to base 4
-2113222
What is 2232 (base 7) in base 15?
38c
221110212 (base 3) to base 10
18572
7639 (base 10) to base 4
1313113
What is -11362 (base 7) in base 13?
-144a
Convert -288 (base 16) to base 12.
-460
What is -1245 (base 10) in base 4?
-103131
Convert -314a (base 15) to base 9.
-15257
What is -3221231 (base 4) in base 9?
-22458
What is -550 (base 9) in base 12?
-316
What is -10011220 (base 3) in base 2?
-100100001111
Convert -101011010010010 (base 2) to base 12.
-109aa
What is 112333 (base 6) in base 14?
3721
What is -5acf (base 16) in base 4?
-11223033
-2197 (base 12) to base 4
-322003
100212 (base 6) to base 12
4668
What is 1001101201 (base 3) in base 15?
6201
-10303 (base 5) to base 9
-861
Convert 697 (base 11) to base 14.
436
20314 (base 5) to base 7
3614
Convert -22102 (base 3) to base 15.
-102
497 (base 12) to base 14
375
What is 32044 (base 5) in base 10?
2149
Convert -1000122 (base 3) to base 10.
-746
What is -11122200120 (base 3) in base 15?
-1c236
What is b7 (base 12) in base 10?
139
Convert 2223 (base 6) to base 15.
249
What is 247 (base 11) in base 8?
445
-111220 (base 3) to base 2
-101110111
4b (base 13) to base 7
120
What is 120201102 (base 3) in base 14?
4267
What is 100000101 (base 2) in base 12?
199
What is 4034 (base 8) in base 2?
100000011100
What is 941 (base 10) in base 6?
4205
What is 1604 (base 7) in base 5?
10031
What is -3342 (base 5) in base 2?
-111011000
Convert -1021011 (base 3) to base 11.
-769
What is -133e2 (base 16) in base 4?
-103033202
What is 10 (base 5) in base 12?
5
Convert 1475 (base 8) to base 6.
3501
10403 (base 5) to base 9
888
What is 101011 (base 3) in base 6?
1134
What is -340 (base 10) in base 6?
-1324
Convert -284 (base 15) to base 7.
-1450
Convert 2672 (base 8) to base 5.
21331
What is -110113 (base 4) in base 8?
-2427
-506 (base 9) to base 4
-12123
437a (base 14) to base 3
121000022
155 (base 7) to base 12
75
What is -110313 (base 4) in base 10?
-1335
-101212 (base 3) to base 8
-445
1821 (base 15) to base 8
12126
-1001011100 (base 2) to base 10
-604
1215511 (base 6) to base 15
142d1
What is -1323310 (base 4) in base 10?
-7924
Convert 167 (base 8) to base 11.
a9
Convert 10110110001 (base 2) to base 14.
761
What is -5d9a (base 16) in base 12?
-11a4a
What is -3323021 (base 4) in base 10?
-16073
-9071 (base 12) to base 3
-210110011
Convert 24b2 (base 14) to base 9.
8732
What is 145553 (base 7) in base 12?
14535
Convert -998 (base 13) to base 6.
-11342
What is -4383 (base 10) in base 9?
-6010
-46bc (base 16) to base 15
-5573
What is 3062 (base 14) in base 12?
4992
What is -16241 (base 8) in base 9?
-11043
-1725 (base 9) to base 16
-527
Convert 13c (base 15) to base 16.
11a
Convert 1222220200 (base 3) to base 5.
2224203
Convert -222222002 (base 3) to base 4.
-10303022
What is -3100 (base 4) in base 2?
-11010000
Convert 242 (base 9) to base 11.
172
Convert 22527 (base 11) to base 9.
48617
Convert 12 (base 16) to base 11.
17
-285 (base 9) to base 13
-155
What is -6b58 (base 12) in base 3?
-121111012
Convert -690 (base 11) to base 14.
-42d
What is 2b (base 15) in base 7?
56
11110011101011 (base 2) to base 5
444340
-1100011111 (base 2) to base 10
-799
Convert -3 (base 10) to base 15.
-3
Convert 52455 (base 7) to base 6.
135503
Convert 122111 (base 5) to base 9.
6343
What is 17ed (base 16) in base 13?
2a32
What is -5556 (base 7) in base 16?
-7d1
What is 5450 (base 9) in base 15?
12c9
What is 124034 (base 6) in base 5?
330004
Convert 1110001 (base 3) to base 4.
100132
Convert -11121 (base 4) to base 11.
-294
What is 10234 (base 6) in base 2?
10101101110
-207 (base 9) to base 3
-20021
-53607 (base 8) to base 10
-22407
10101111101 (base 2) to base 9
1831
-4124 (base 7) to base 8
-2637
What is -158 (base 14) in base 15?
-134
Convert 6027 (base 9) to base 8.
10457
What is 5714 (base 9) in base 6?
31321
What is -9a1 (base 12) in base 14?
-733
What is -213423 (base 5) in base 16?
-1cc3
6167 (base 13) to base 8
32174
1c43 (base 13) to base 12
2588
Convert -123112 (base 5) to base 6.
-34050
-d925 (base 14) to base 6
-445245
Convert -20d (base 15) to base 8.
-717
-4c3b (base 13) to base 12
-6356
What is -100000010101 (base 2) in base 7?
-6014
Convert -2111 (base 8) to base 5.
-13342
2573 (base 16) to base 7
36644
What is 17a4 (base 13) in base 6?
24134
-2003200 (base 4) to base 3
-102112201
-12103 (base 5) to base 9
-1213
What is -5b7 (base 15) in base 5?
-20142
-323 (base 6) to base 13
-96
What is 34a0a (base 11) in base 14?
1456b
What is -318 (b